uppose -l + 119 = b*y, 10*l = 2*y + 5*l - 125. What is the highest common divisor of 12 and y?
12
Suppose -2*r + 0 = -26. Let v(k) = -k**2. Let x be v(-1). Let g be (208/6)/(x/(-3)). Calculate the greatest common divisor of r and g.
13
Let n(g) = -13*g - 6. Let v be n(7). Let s = -52 - v. What is the greatest common factor of s and 9?
9
Let x(a) = 3*a + 3*a**2 - 6*a**2 + 0*a - a**3 + a**2. Let z be x(-4). What is the highest common divisor of 80 and z?
20
Let c(t) = -2*t + 8. Let l be c(-7). Calculate the highest common factor of 2 and l.
2
Let r be (36/(-16))/(2/(-8)). What is the greatest common factor of r and 27?
9
Suppose 0 = -6*g - 0 + 12. Calculate the highest common factor of 16 and g.
2
Let b be (4 + -2)*756/24. Calculate the highest common factor of 7 and b.
7
Let o(t) = t**3 - 3*t**2 + 4*t. Let h be o(5). Calculate the greatest common factor of h and 14.
14
Let c = -33 - -44. Let u be 31/((2/6)/(-1)). Let j = u - -181. What is the highest common divisor of c and j?
11
Suppose -5*l - 2*s = -141, l - 5*s + s = 15. Calculate the greatest common divisor of 18 and l.
9
Suppose -4*i + 8 = -0. Suppose -y = i*y - 21. Let x(u) = -u**3 + 20*u**2 - u + 27. Let o be x(20). What is the greatest common factor of o and y?
7
Let h be (-6)/27 + 38/9. Let a = 7 + -13. Let o = -5 - a. Calculate the greatest common divisor of o and h.
1
Let x = -158 + 454. Calculate the highest common factor of 37 and x.
37
Let a be (2 - (-7 + 3)) + -3. Suppose -14 = -a*b + 22. Calculate the highest common factor of 6 and b.
6
Let q = -17 - -2. Let c = q + 18. Calculate the highest common divisor of c and 15.
3
Let u(l) = 12*l**3 + 3*l**2 - l - 2. Let q be u(2). Calculate the greatest common factor of 13 and q.
13
Let f = -10 + -2. Let l = 34 + f. Calculate the highest common divisor of l and 11.
11
Let a(o) = -14*o**3 - o**2 - o. Let p be a(-1). Suppose -420 = -4*m - m. Calculate the highest common divisor of m and p.
14
Let a be 294/(-28)*88/(-6). What is the greatest common divisor of 22 and a?
22
Let m be (-126*3)/(-3) + -6. Let n be (-476)/(-10) - 2/(-5). Calculate the greatest common factor of n and m.
24
Let q = -19 - -34. Calculate the highest common factor of 5 and q.
5
Let f = 15 - 3. Suppose -4*z - 3*m = -5*m - 136, -z + f = 5*m. Calculate the highest common divisor of 8 and z.
8
Let r(c) = 4*c**2 + 2*c**2 + 3*c**2 + c - 3*c - 1. Let h be r(-1). Calculate the greatest common divisor of 50 and h.
10
Let r be (1 - 2 - 16) + -4. Let q be (14/r)/(2/(-513)). Calculate the greatest common factor of q and 19.
19
Let k(y) = 4*y - 50. Let i be k(15). Calculate the greatest common factor of i and 90.
10
Let o(v) = -16*v**3 - 4*v**2 - 8*v - 5. Let z be o(-1). Let f(g) = -7*g + 2. Let d be f(-4). What is the greatest common divisor of d and z?
15
Suppose 0 = -4*b + 238 - 10. Let w be 11*-3*b/(-9). What is the highest common factor of w and 19?
19
Let a = 4 - 0. Let p be (108/(-15))/(a/(-20)). What is the highest common factor of p and 4?
4
Suppose -3*k - 1 + 70 = 0. Let a = k + -9. What is the greatest common divisor of 56 and a?
14
Let n be (-22690)/(-35) + (-2)/7. Suppose -3*z = 21 - n. What is the greatest common divisor of 19 and z?
19
Let v(o) = -2*o - 9. Let h be v(-9). Let l = 250 - 169. Calculate the highest common divisor of h and l.
9
Let u = 89 - 17. Suppose 0 = i - 5*i + u. What is the highest common divisor of i and 198?
18
Let g(a) = a**3 + 2*a**2 + a - 1. Let s be g(-2). Let z be (-2)/(s/(99 + -3)). Let p = -6 - -14. Calculate the highest common divisor of z and p.
8
Let r(w) = w**2 - 6*w - 2. Let l be r(10). Calculate the highest common factor of l and 57.
19
Suppose -4*x + 31 + 89 = 0. What is the greatest common divisor of x and 12?
6
Let m be ((-2)/(-2))/(13/507). What is the greatest common divisor of 65 and m?
13
Suppose j - 4*j + 42 = 0. Calculate the highest common factor of 21 and j.
7
Let a be (0 + 2 + 20)*(-40)/(-10). What is the greatest common divisor of 8 and a?
8
Let f = 18 - 4. Suppose 19 + 20 = 4*g - 5*c, -f = -g - 3*c. Calculate the highest common factor of 44 and g.
11
Let c = -7 + 12. Suppose 25 = 2*k - c*i, 7 = 4*k - 2*i - 35. Suppose -45 = -6*s + 255. Calculate the greatest common divisor of s and k.
10
Let g = 4 - -8. Let w = g - -1. Calculate the greatest common divisor of w and 104.
13
Let i be (-2)/(-5) - 1040/(-25). What is the greatest common factor of 3 and i?
3
Suppose -6*x + x = 0. Let l be (x - -2)/4*-18. Let n be (-13)/(-3) - 6/l. Calculate the highest common factor of n and 2.
1
Let f(x) = 12*x**2 + 2*x - 1. Let s be f(1). Let k be 3 + -4 + 1 + s. Calculate the highest common divisor of k and 91.
13
Suppose a + 5 + 6 = 0. Let q = -1 - a. What is the greatest common factor of 10 and q?
10
Let z be 6/(-9) - (-8)/(-6). Let w be -2 + 3 + z - -61. What is the greatest common divisor of w and 90?
30
Let p = -7 + -5. Let y = -7 - p. Calculate the highest common factor of y and 25.
5
Let v(r) be the second derivative of r**4/12 - r**3/6 + 5*r**2 - 5*r. Let s be v(0). What is the highest common factor of s and 5?
5
Let v(f) = -6*f. Let i be v(-2). Let k be 2/(-10) - 8593/(-65). What is the highest common factor of k and i?
12
Suppose -4*n + 5*s = -30, s - 22 = -3*n + 5*s. Let w be 4/(-1) - (1*684)/(-6). What is the greatest common divisor of w and n?
10
Suppose s - 3 = -17. Let p = s - -23. Calculate the greatest common factor of 3 and p.
3
Suppose 5*r = 421 - 91. Calculate the highest common factor of r and 6.
6
Let r(w) = -4*w + 5 - 5 + 1 - 4*w**3 + 6*w. Let q be r(-1). What is the highest common factor of 1 and q?
1
Let d be (181 + -7)*(-1)/(-2). Calculate the greatest common factor of d and 29.
29
Let g = 34 - 8. What is the highest common factor of 13 and g?
13
Let f(l) = l**2 - 10*l - 1. Let a be f(12). Suppose 5*p = -4*y + p - 1136, -5*p = -4*y - 1127. Let t = y + 536. What is the greatest common divisor of a and t?
23
Let v(p) = -3*p**2 - 5*p + 5. Let a be v(6). Let l be (-4)/(-10) + 2686/10. Let b = l + a. What is the greatest common factor of 17 and b?
17
Suppose -8 = 4*k - 0, k - 70 = -4*t. Let m(o) = -6*o - 3. Let h be m(-8). What is the greatest common factor of h and t?
9
Let j be (-5 + 1)*(-1 - 6*1). Calculate the greatest common factor of j and 21.
7
Let s = -23 - -87. Calculate the greatest common factor of 8 and s.
8
Let v be 55 + ((-8)/(-12) - (-5)/(-3)). What is the highest common divisor of 270 and v?
54
Suppose -2*b - 3*b = -10. Suppose b*c + 11 = 4*p + c, 0 = 2*c - 10. Let i be 2/(-2) - p*-5. Calculate the greatest common divisor of i and 76.
19
Suppose k + 3 = 9. What is the greatest common factor of 42 and k?
6
Suppose 0 = 3*r - 4*c + 3, 2*c + 0*c + 2 = -2*r. Let u be (-10)/(-1) - (1 + r). Suppose -3*d + 87 + 33 = 0. Calculate the highest common divisor of u and d.
10
Let n(b) = -b**2 - 10*b - 15. Let o be n(-6). Calculate the greatest common factor of 36 and o.
9
Let z(q) = -q. Let y be z(-11). What is the highest common divisor of y and 121?
11
Let l(k) = k**3 + 10*k**2 + 10*k + 1. Let v be l(-3). Calculate the greatest common divisor of 17 and v.
17
Suppose -8*d - 110 = -10*d. Calculate the highest common divisor of d and 33.
11
Suppose -79 + 1 = -2*y + 2*o, -14 = -y - 4*o. What is the greatest common factor of y and 34?
34
Let q(l) = -l + 13. Let w = -9 + 21. Let d be (3 - 1)*54/w. Let t be q(d). Calculate the highest common factor of t and 1.
1
Let t = 4 - 0. Suppose f = -t*k + 287, -4*k + 128 + 162 = -2*f. Calculate the highest common factor of 8 and k.
8
Let u be 1*51 - 2 - -1. Let q be (-2)/(-9) - (-528)/54. What is the highest common divisor of u and q?
10
Let q be (-12)/14*(3 + -10). Let b(k) = k**2 - 3*k + 9. Let y be b(7). Suppose -7 = 5*r - y. What is the highest common factor of r and q?
6
Let i(z) be the first derivative of 2*z**3/3 + z**2 + z + 1. Let s = -16 + 15. Let u be i(s). Calculate the highest common factor of 1 and u.
1
Let a = 24 - 12. Let w be 14/6 - 4/a. Suppose 17 - 59 = -3*b. What is the highest common divisor of b and w?
2
Let q be ((-272)/32)/(1/(-2)). Calculate the greatest common factor of q and 85.
17
Let a(b) = -6*b**3 - 4*b - 4. Let y be a(-1). Calculate the highest common divisor of y and 6.
6
Let u(p) = -p**2 - 13*p - 5. Let j be u(-9). Suppose -2 = -3*x - 3*w + 